-6)/(-8))/((-1)/4). Let p = -3 - v. Suppose 3*a - c - 11 + p = 0, 4 = -2*c. List the prime factors of a.
3
What are the prime factors of (-2)/(18/(-921)) + 2/(-6)?
2, 3, 17
Let c = -24 + 60. List the prime factors of c.
2, 3
Let h be ((-4)/8)/((-2)/36). Suppose 0 = 5*w + h - 34. Suppose 0 = w*m - 60 - 5. List the prime factors of m.
13
What are the prime factors of -5*8/4*31/(-2)?
5, 31
Suppose -f = -3*h + 11, f - 3*h = 5*f - 1. Let t be (-2 - 20)*f/(-4). Let b = t + 19. What are the prime factors of b?
2
Let j(t) = -t**2 + 5*t. Let g be j(5). Suppose 4*v - 144 = -g*v. List the prime factors of v.
2, 3
Let c be 48 + (0/3 - -3). Let o = c + -35. Let g = o + 5. List the prime factors of g.
3, 7
Let x(m) = -m + 3. Let c(y) = y**3 + 1. Let d be c(-2). What are the prime factors of x(d)?
2, 5
Let k(b) = b**2 + 4*b. Let t be k(-5). Suppose -t*d = -0*d. Suppose 5*p - 19 = -4*c + c, -5*c - 10 = d. What are the prime factors of p?
5
Let v be 6/15 - 26/(-10). Let k = -42 + 80. Suppose 5*j = v*i - k, -2*i + 3*j + 19 = 6*j. What are the prime factors of i?
11
What are the prime factors of 704/8 - (-2 - -2)?
2, 11
Let a = -11 - -84. What are the prime factors of a?
73
Let i = -13 - -46. List the prime factors of i.
3, 11
Suppose 46 - 280 = -6*i. What are the prime factors of i?
3, 13
Let r = 3 - -255. List the prime factors of r.
2, 3, 43
Suppose 4*j - 273 = -5*a, -2*a - 6 = -0*a. Suppose q = -q + j. What are the prime factors of q?
2, 3
Suppose -14*h = -2003 + 673. List the prime factors of h.
5, 19
Let a = -35 - -68. List the prime factors of a.
3, 11
Let t = -52 - -147. List the prime factors of t.
5, 19
Suppose 26 = -0*u + u. Let c = -18 + u. What are the prime factors of c?
2
Suppose 3*b = -6, 0*b = 4*i + 2*b - 108. List the prime factors of i.
2, 7
Suppose r = 3*k + 4, 0 = -4*r + k + 33 + 38. Let h = 39 + -18. Suppose r = 4*o - h. What are the prime factors of o?
2, 5
Let j(z) = z**2 + 9*z + 11. What are the prime factors of j(8)?
3, 7
Let t = 12 + -32. What are the prime factors of 0 - (3 + -2) - t?
19
Suppose -5*z = -7*z + 74. What are the prime factors of z?
37
Suppose 2*l + 3*l = 30. Suppose -5*h - 1 = -l. Let m = 11 + h. List the prime factors of m.
2, 3
What are the prime factors of (126/(-12))/((-2)/4)?
3, 7
Let r = -38 - -40. Let p(d) = -d**3 + 4*d**2 + 2*d - 6. Let z be p(4). Suppose 3*g = -5*y + 37, g - z*y + r = 7. What are the prime factors of g?
3
Let r be 12/18*(8 - -1). What are the prime factors of 12 - 4/(r/(-3))?
2, 7
List the prime factors of 6 + -2 + (-160)/(-4).
2, 11
Suppose 0 = u - 5*y - 13, -y - 8 = -5*u + 9. Suppose -z + 25 = -0*l + u*l, 2*z - 44 = -3*l. What are the prime factors of z?
19
Let p(u) = 3*u**2 - u - 7. Let k be p(5). Let h = k - 37. List the prime factors of h.
2, 13
Let h = 81 + -57. Suppose -5*t = -30 + 10. Suppose -t*f = -f - h. What are the prime factors of f?
2
Let l be 4*8*3/6. Suppose 0 = -4*g - 3*v + l, -4 = -g + 6*v - 2*v. What are the prime factors of g?
2
Let n(o) = 7*o. Suppose 4*i - i + 35 = 5*g, 0 = -2*g - 5*i - 17. Suppose 0 = -g*l + 9*k - 5*k, 5*l - 6 = -k. What are the prime factors of n(l)?
7
Let v(w) be the third derivative of w**4/12 + 5*w**3/3 - 2*w**2. List the prime factors of v(8).
2, 13
Suppose -3*b + 164 - 47 = 3*q, 5*q - 121 = -3*b. What are the prime factors of b?
37
Suppose -2*q + 4 = -0*q. Suppose 12 = -2*u - q*t, 25 = -3*u + 5*t + 7. Let m = u - -9. List the prime factors of m.
3
Let y(c) be the third derivative of c**4/24 - c**3/6 + c**2. Let r be y(3). Suppose 0 = -r*q + 4, -22 = -3*p + q + 24. What are the prime factors of p?
2
Let c(a) = -a + 5. Let y be c(10). List the prime factors of ((-2)/4)/(y/60).
2, 3
Suppose x + 6 = 2*x - 3*d, -3*d - 6 = 3*x. Suppose x = -6*k + k + 70. Suppose 3*f = 38 - k. What are the prime factors of f?
2
Suppose 0 = r + r + 5*m - 45, r = 5*m. Let s = -8 + r. List the prime factors of s.
7
Let x = 9 + -16. Let i(m) = -m - 4. What are the prime factors of i(x)?
3
List the prime factors of (-1)/((-2)/(0 - -457 - -1)).
229
Suppose 0 = 6*d - 11*d + 215. What are the prime factors of d?
43
Suppose -y = -30 - 20. What are the prime factors of y?
2, 5
Suppose -1 + 16 = -3*q. Let x = q - -2. Let p = 2 - x. What are the prime factors of p?
5
List the prime factors of 20/16*(3 + 1).
5
Let c(a) = -3*a**3 - 4*a**2 - 2*a - 2. List the prime factors of c(-3).
7
Suppose -c = 4*c. Let n(j) = j**2 + 8*j + 10. Let r be n(-7). Let s = c + r. What are the prime factors of s?
3
Suppose 2*f - 48 = 36. What are the prime factors of f/4*24/9?
2, 7
Let k be (-9 - -3)*1/(-2). Let c be (-41)/(-2) + (-3)/(-6). Let b = c - k. What are the prime factors of b?
2, 3
Let d = -410 + 698. List the prime factors of d.
2, 3
Let f be (-1 - 1) + 19 + 1. Suppose 2*j + j - f = 0. What are the prime factors of (-162)/(-21) - j/(-21)?
2
What are the prime factors of (-49)/2*72/(-42)?
2, 3, 7
Let z = -7 - -10. Suppose 4*i - z*v = 12, -4*i + 43 = 3*v + 7. List the prime factors of i.
2, 3
Let t(a) = a**3 + 11*a**2 - 11*a + 17. Let d be t(-12). Suppose -2*y - d*k + 67 = 0, -5*y - 2*k = -197 + 19. What are the prime factors of y?
2, 3
Let t(q) = -q**2 + 8*q + 5. What are the prime factors of t(7)?
2, 3
Let k(l) = -l**2 + l - 1. Let q(d) = 3*d**2 - 2*d + 2. Let a(v) = 7*k(v) + 3*q(v). Let g be a(2). What are the prime factors of 4/(24/g - 2)?
2, 3
List the prime factors of 2/8 - (3452/(-16) - -1).
5, 43
Suppose -3*j + 15 = 0, -v + 131 = 2*v - 2*j. Suppose 0 = 3*p + 5 - v. What are the prime factors of p?
2, 7
Let g = -86 + 130. What are the prime factors of g?
2, 11
Suppose k + h + 2 - 8 = 0, 2*h - 4 = 0. Suppose k*y = 9 + 31. List the prime factors of y.
2, 5
Let g = 1 - -2. Suppose g*t - 2*t = 3. Suppose t*q - 55 = -2*q. List the prime factors of q.
11
Suppose g + 2*f = 302 + 59, 5*g = 2*f + 1757. List the prime factors of g.
353
Suppose -2*c + 56 = -0. Let s = c - 15. What are the prime factors of s?
13
Suppose -16*j + 32 = -14*j. Let c = 35 - j. What are the prime factors of c?
19
Let x(d) = -d**3 + 5*d**2 + 2*d - 7. Let b be x(5). Let m(i) = -3 + 2*i + b + i**2 + 3 - 6. What are the prime factors of m(-4)?
5
Suppose 2*l = 5*x + 16, -3*x + 2*l - 16 = 4*l. What are the prime factors of (x + 29 - 3)*2?
2, 11
Suppose -3*c = -4*x + 24, -4*x + 3*c = -6*x - 6. Suppose x*m - 83 = 43. List the prime factors of m.
2, 3, 7
Suppose -2*f = -3*f + 3. Suppose h + 10 = 2*o, -5*o + f*h = h - 23. What are the prime factors of o?
3
Let i be 6 - (2 + 1 - 0). Suppose 4*t = -2*m - 8, i*m - 3*t - 6 = 18. List the prime factors of m.
2
Let o be (-3*(-8)/(-6))/(-1). Let u(f) = -f + 5. Let y be u(o). Suppose -z = q + z + y, 3*z = 4*q - 18. List the prime factors of q.
3
Let c = 99 + -5. List the prime factors of c.
2, 47
Suppose k - 27 = -3*x - 3*k, -3*k = x - 14. Suppose 94 = -0*r + 4*r - 2*i, r - x*i = 10. What are the prime factors of r?
5
Let h(u) = u**3 + 9*u**2 + u + 7. Let g be h(-9). Let l(n) = 3*n - 3. Let b be l(4). Let v = b - g. List the prime factors of v.
11
What are the prime factors of (114/12 + -5)*58?
3, 29
Let f(u) be the first derivative of u**3/3 - 5*u**2 + 13*u - 6. List the prime factors of f(10).
13
What are the prime factors of (9/2 + 4/4)*6?
3, 11
Suppose c = 13*c - 1584. What are the prime factors of c?
2, 3, 11
Let o(z) be the first derivative of 2*z**3/3 + 5*z**2/2 - 3*z - 2. Let n be o(-4). Let d = n + -5. What are the prime factors of d?
2
Let x(u) = -2*u**3 + u**2 + 1. Let r be x(2). Let s = -8 - r. What are the prime factors of s?
3
Suppose -2*d = 4 - 24. Suppose y - d + 2 = 0. List the prime factors of y.
2
Suppose -i + 200 = 4*i. List the prime factors of i.
2, 5
Suppose 0*x = -x + 38. List the prime factors of x.
2, 19
Let u be (28/35)/((-2)/5). What are the prime factors of 50/20*(-20)/u?
5
Suppose -3*g + 3*a = 114, -7*g + 3*g + 3*a - 150 = 0. What are the prime factors of 18/(-30) - g/10?
3
Suppose -543 - 243 = -6*l. List the prime factors of l.
131
Let j(f) = f**3 - 7*f**2 + 8*f - 5. Let g(l) = 3*l. Let h be g(2). Let m be j(h). Suppose 39 = 4*y + m. List the prime factors of y.
2
Suppose -2*z + m + 225 = -151, 3*z + m - 569 = 0. What are the prime factors of z?
3, 7
Suppose 201 = -5*r + 3*c, -4*r = c + 69 + 85. Let o = 79 + r. What are the prime factors of o?
2, 5
Suppose 1